 base 14, what is -355 - -6631?
62ba
In base 6, what is -11334403 + -44?
-11334451
In base 12, what is 14 - 203776?
-203762
In base 5, what is 11002 - -13020414?
13031421
In base 4, what is -130013033 + -232?
-130013331
In base 12, what is -216262 + 30?
-216232
In base 7, what is -2 + 101326321?
101326316
In base 4, what is -1202113130 + 11?
-1202113113
In base 2, what is 101100000000101010001101111 + -1?
101100000000101010001101110
In base 14, what is 4 - -3aad143?
3aad147
In base 7, what is -56 + 3545230?
3545141
In base 7, what is -26141 - -5314?
-20524
In base 11, what is -788 - 5912?
-659a
In base 12, what is -16863a24 - -15?
-16863a0b
In base 7, what is 5413153033 + -4?
5413153026
In base 3, what is 12010002220 - 222221?
12002002222
In base 6, what is 144 - 1520424?
-1520240
In base 3, what is 21 - -11010110222120?
11010110222211
In base 7, what is 0 - 103152265?
-103152265
In base 5, what is 13 - 312433301?
-312433233
In base 3, what is 1020221101212020 + 10?
1020221101212100
In base 6, what is -435515 + 1010?
-434505
In base 10, what is 13649031 + -5?
13649026
In base 5, what is -1012232044 - 1223?
-1012233322
In base 6, what is 4 + -4322204433?
-4322204425
In base 9, what is -36 + 12431763?
12431726
In base 3, what is -1111220121 - 210212?
-1112201110
In base 9, what is 27204 - 54?
27140
In base 4, what is -1233303023 - 1300?
-1233310323
In base 8, what is -3 - 25635563?
-25635566
In base 10, what is -112143 + 1976?
-110167
In base 13, what is -1 + c221a6?
c221a5
In base 12, what is 13a6 + b3b?
2325
In base 15, what is 226 + -9b4d?
-9927
In base 11, what is 35 - -22a83a?
22a874
In base 6, what is -42 - -245311?
245225
In base 10, what is 68 - -96522?
96590
In base 6, what is 5405004243 + -4?
5405004235
In base 3, what is 12 + 120102002211011?
120102002211100
In base 8, what is 1073 + 124465?
125560
In base 13, what is 1581 - 3a4?
11aa
In base 2, what is -10101000111010001111000 - 11101?
-10101000111010010010101
In base 8, what is 13035 + 6017?
21054
In base 5, what is -121112434210 - -10?
-121112434200
In base 10, what is -33155 + -748?
-33903
In base 15, what is 2 - -2b4e71?
2b4e73
In base 12, what is 1877 - 119?
175a
In base 13, what is 23 + -252a1?
-2527b
In base 15, what is 8 - -991a1?
991a9
In base 2, what is -1100 - 100001101010011101100011110?
-100001101010011101100101010
In base 13, what is 8bb9126 - 3?
8bb9123
In base 14, what is -2000 + -257b?
-457b
In base 12, what is -1 + 727560?
72755b
In base 3, what is 211121 + 12212210?
20201101
In base 16, what is -54 - 23cc1?
-23d15
In base 15, what is -ee172 + 7e?
-ee0e3
In base 11, what is 53 - 6852640?
-6852598
In base 6, what is 143 - 25020332?
-25020145
In base 6, what is 13 + 14222514?
14222531
In base 7, what is -3 + 36413515?
36413512
In base 2, what is -101100011100101001 - -1111010?
-101100011010101111
In base 4, what is 1011313133301 + -11?
1011313133230
In base 10, what is 468 + 519537?
520005
In base 5, what is 40310211 - 413?
40304243
In base 5, what is -1124222144 - 33?
-1124222232
In base 10, what is -284393 + -1?
-284394
In base 3, what is 20 - 2221220222001?
-2221220221211
In base 9, what is -40177208 - 4?
-40177213
In base 12, what is 38a771 - -3b?
38a7b0
In base 16, what is -1d019 + 17?
-1d002
In base 15, what is c49c5 + 90?
c4a65
In base 12, what is -2836008 + 3?
-2836005
In base 10, what is -83631126 - 2?
-83631128
In base 12, what is -16a75 + -2b?
-16aa4
In base 16, what is -948 + 8f23?
85db
In base 2, what is 0 - -1011111101110000100?
1011111101110000100
In base 3, what is 20211 + 11010111?
11101022
In base 13, what is -186b968c + -3?
-186b9692
In base 11, what is 93a414 - -272?
93a686
In base 10, what is -789 + -198273?
-199062
In base 10, what is -97138954 + 5?
-97138949
In base 10, what is 1532608 + 9?
1532617
In base 15, what is 1 - 76c62a?
-76c629
In base 4, what is 20033111 - -3222?
20102333
In base 10, what is -1 - 4613907?
-4613908
In base 4, what is -32030132120102 + -3?
-32030132120111
In base 9, what is -2606142 - -33?
-2606108
In base 12, what is aa517 + 9?
aa524
In base 14, what is 2611256 + 8?
2611260
In base 4, what is -10202331312 + -3?
-10202331321
In base 14, what is -4 - 2738999?
-273899d
In base 8, what is -1 - -2404551?
2404550
In base 15, what is -2 - 254c463c?
-254c463e
In base 15, what is -40b80 - -24?
-40b5b
In base 4, what is -10202220 - -1131?
-10201023
In base 11, what is 13 + -25218a?
-252177
In base 16, what is d - 13ceb?
-13cde
In base 15, what is 7 - 2de204a?
-2de2043
In base 15, what is -4 + 1b9602?
1b95ed
In base 15, what is -984 + 4905?
3e71
In base 5, what is -2 - 3222110331?
-3222110333
In base 4, what is -10 - -1002221203023?
1002221203013
In base 10, what is 393828464 + 1?
393828465
In base 9, what is 46 + 17605?
17652
In base 12, what is 839099 + 3?
8390a0
In base 11, what is -5032679 + 1?
-5032678
In base 2, what is -1110101001110101111 + -1110100111?
-1110101011101010110
In base 15, what is ae8568 - -d?
ae8576
In base 5, what is 313121212 - -2124?
313123341
In base 11, what is 0 + 1645137a?
1645137a
In base 5, what is -401030 - -304221?
-41304
In base 16, what is 601c115 - -16?
601c12b
In base 15, what is -bd35 + -288?
-c0bd
In base 3, what is -212 + 2122220222220?
2122220222001
In base 16, what is 2e267f + 1?
2e2680
In base 3, what is 202222122010 + 202?
202222122212
In base 6, what is 12130123 - 31?
12130052
In base 11, what is 520a8 - -4a0?
52598
In base 11, what is -2 - 289031a2?
-289031a4
In base 14, what is 2 - 1c7b6c7?
-1c7b6c5
In base 10, what is 138 + -859?
-721
In base 10, what is -539929 - 251?
-540180
In base 9, what is 48042 - -18631?
67673
In base 4, what is -3 + -20112322213?
-20112322222
In base 10, what is -2075375 + 8?
-2075367
In base 7, what is 205501 - 20326?
155142
In base 6, what is 1 + 251143504?
251143505
In base 4, what is -130333201 - -12312?
-130320223
In base 10, what is 4 + 6087110?
6087114
In base 6, what is 2 - -52252245?
52252251
In base 10, what is -25 + 1335904?
1335879
In base 3, what is -2222 - -11020001?
11010002
In base 7, what is -1341633 - -112?
-1341521
In base 6, what is -1210221052 - -11?
-1210221041
In base 13, what is -78b32c0 - 10?
-78b3300
In base 16, what is -281596 - 1?
-281597
In base 12, what is -20b38883 - -2?
-20b38881
In base 10, what is 69382675 - -20?
69382695
In base 3, what is 22 + -201211002011200?
-201211002011101
In base 16, what is -1f1e0b + 0?
-1f1e0b
In base 15, what is 3 - -4306a9?
4306ac
In base 13, what is -3 - 4718c?
-47192
In base 5, what is 3 + -120111141?
-120111133
In base 13, what is -158254 - 1c?
-158273
In base 13, what is 4 + 1140757?
114075b
In base 9, what is -4238232 + 3?
-4238228
In base 8, what is 0 + -656131316?
-656131316
In base 15, what is -11 + ee2ac2?
ee2ab1
In base 8, what is -7 + -513507053?
-513507062
In base 11, what is -2414 - 1062?
-3476
In base 5, what is -1011 + -4111023?
-4112034
In base 16, what is 4 - 1d7974?
-1d7970
In base 16, what is 1 + 65bcb77?
65bcb78
In base 3, what is 11000 - 2111101020?
-2111020020
In base 5, what is -12443424 - 23?
-12444002
In base 10, what is -95217 - 332?
-95549
In base 5, what is 30311 - -13330?
44141
In base 4, what is 11312 + -11123310?
-11111332
In base 11, what is -40349579 + 2?
-40349577
In base 10, what is 4363591 - -45?
4363636
In base 3, what is 100201 + -12211000200?
-12210122222
In base 11, what is -55a - -12163?
11704
In base 12, what is 4353b9 - 10?
4353a9
In base 9, what is 8455305 - -3?
8455308
In base 5, what is -313334123141 + 2?
-313334123134
In base 5, what is 321144123014 - 4?
321144123010
In base 11, what is -3 - -1a14046?
1a14043
In base 14, what is 0 - 265d03?
-265d03
In base 2, what is 11001011001100110100 + 1010?
11001011001100111110
In base 9, what is -10026821 + 21?
-10026800
In base 2, what is -100001010110 - 101000111100?
-1001010010010
In base 5, what is 1401134 - 34402?
1311232
In base 12, what is 1a + 92b24?
92b42
In base 9, what is 208 - 763277?
-763068
In base 7, what is -1312 + 2532630?
2531315
In base 12, what is -13b9478 - -21?
-13b9457
In base 13, what is 144a25 + 21?
144a46
In base 10, what is -43485 - -100?
-43385
In base 4, what is -213031233112 + -10?
-213031233122
In base 5, what is 20021442 - 12?
20021430
In base 3, what is -12 + -1202012202222